is the greatest common factor of 20783 and 12817?
7
Calculate the highest common divisor of 195579008 and 256.
128
Calculate the greatest common divisor of 10973392 and 30728.
184
Calculate the highest common divisor of 451992176 and 51280.
10256
What is the greatest common divisor of 105 and 101367?
21
Calculate the highest common factor of 176539 and 4276019.
121
What is the highest common divisor of 441909 and 26442?
117
What is the highest common factor of 1715505 and 8175?
15
What is the highest common divisor of 6755 and 287315?
35
Calculate the greatest common divisor of 13626 and 1124424333.
6813
What is the highest common divisor of 83881 and 76013?
7
What is the greatest common divisor of 8224 and 31952?
16
What is the highest common divisor of 399 and 467058?
57
What is the highest common factor of 69329409 and 12453?
1779
Calculate the greatest common divisor of 56 and 140124.
4
Calculate the greatest common divisor of 22820 and 42509096.
4564
What is the greatest common divisor of 2168496 and 49728?
1776
What is the highest common factor of 58260 and 746385?
15
Calculate the greatest common divisor of 1350729 and 18981.
513
What is the highest common divisor of 320362 and 1344026?
934
What is the highest common divisor of 146 and 477201?
73
Calculate the greatest common divisor of 388125025 and 5925.
1975
What is the greatest common divisor of 436 and 48199146?
218
Calculate the highest common factor of 177 and 216750129.
177
Calculate the highest common divisor of 13141964 and 704.
44
What is the highest common divisor of 5041669 and 1067629?
1577
Calculate the highest common factor of 1822827 and 10819.
349
Calculate the greatest common divisor of 55950633 and 1745.
349
What is the highest common factor of 3485220 and 221560?
580
What is the greatest common factor of 3101878 and 11024?
1378
Calculate the highest common factor of 301 and 646373.
7
Calculate the highest common factor of 170 and 9611698.
34
What is the greatest common factor of 6698 and 2822616?
394
Calculate the greatest common divisor of 21 and 404252394.
21
Calculate the greatest common divisor of 236 and 33266.
2
Calculate the greatest common divisor of 282430 and 5954180.
4630
What is the greatest common divisor of 79920 and 133596?
108
Calculate the highest common factor of 13327480 and 3800.
40
Calculate the greatest common divisor of 261644 and 49468.
596
What is the greatest common factor of 90 and 16241670?
90
Calculate the greatest common factor of 31586858 and 174.
58
Calculate the greatest common factor of 7 and 92483965.
7
What is the greatest common divisor of 2679 and 1613385?
57
What is the greatest common divisor of 80766 and 168189?
21
What is the greatest common factor of 8124 and 911380108?
2708
What is the highest common divisor of 726886 and 3502?
34
What is the highest common factor of 24348075 and 825?
75
What is the greatest common factor of 505 and 55385471?
101
What is the highest common factor of 8893 and 31?
1
What is the highest common divisor of 38178378 and 45?
9
Calculate the highest common divisor of 368390024 and 7240.
1448
What is the greatest common factor of 1980 and 873785?
55
Calculate the highest common divisor of 65 and 41137385.
5
What is the greatest common factor of 3432587 and 1506265?
4243
What is the highest common divisor of 17513006 and 28?
14
What is the greatest common divisor of 2960 and 24008560?
2960
What is the highest common divisor of 12742 and 4909442?
46
What is the highest common divisor of 452 and 168250559?
113
What is the highest common factor of 22983774 and 55?
11
Calculate the highest common factor of 1755580 and 180.
20
Calculate the highest common divisor of 99840 and 1042944.
1536
Calculate the greatest common divisor of 7048 and 3776262016.
7048
What is the highest common divisor of 12270635 and 130?
65
What is the highest common factor of 78706290 and 16965?
5655
What is the greatest common factor of 67621582 and 56?
14
What is the highest common divisor of 2114 and 3817280?
302
What is the greatest common factor of 40326825 and 7700?
1925
Calculate the highest common factor of 1543055 and 215.
215
Calculate the greatest common factor of 5344 and 100518302.
334
Calculate the highest common divisor of 8546562 and 108.
18
Calculate the highest common factor of 333 and 21203997.
111
Calculate the greatest common factor of 468738 and 7902.
18
What is the greatest common divisor of 3803283 and 902?
451
Calculate the greatest common factor of 3678499 and 38060.
1903
What is the greatest common factor of 16357936 and 112?
112
Calculate the greatest common divisor of 1869717870 and 7830.
7830
What is the greatest common factor of 119163 and 161161?
253
Calculate the greatest common divisor of 6975 and 14762448.
279
Calculate the greatest common divisor of 66780 and 17292.
12
Calculate the highest common divisor of 3152394 and 2466.
18
What is the greatest common factor of 6303951 and 19696?
1231
What is the greatest common divisor of 44970 and 942310374?
8994
What is the greatest common factor of 1 and 2929807?
1
What is the greatest common factor of 200 and 22386040?
40
Calculate the greatest common factor of 6875 and 634975.
275
Calculate the highest common divisor of 170499 and 10189.
23
What is the highest common divisor of 4064124 and 9834?
894
What is the highest common divisor of 170755759 and 211?
211
What is the highest common factor of 178192 and 2314088?
2408
Calculate the greatest common factor of 63709296 and 127.
127
What is the greatest common factor of 44 and 140208596?
44
Calculate the greatest common divisor of 88 and 39233579.
11
What is the highest common divisor of 99647 and 248741?
251
Calculate the highest common divisor of 379701 and 124558.
2009
What is the highest common factor of 4781 and 4089804?
683
Calculate the highest common divisor of 43362 and 86.
2
Calculate the highest common divisor of 7879657 and 11601.
1289
Calculate the greatest common divisor of 8894756 and 78.
26
Calculate the greatest common divisor of 5 and 8161340.
5
Calculate the greatest common divisor of 11658 and 42746.
3886
Calculate the greatest common divisor of 54189 and 7857.
81
What is the greatest common divisor of 24486 and 75856?
22
Calculate the highest common factor of 300490658 and 472.
118
What is the greatest common divisor of 7528 and 855369?
941
Calculate the highest common factor of 1555 and 13985.
5
Calculate the highest common factor of 74019793 and 2887.
2887
What is the highest common factor of 356053 and 7268?
79
Calculate the greatest common divisor of 4704235 and 58.
29
What is the greatest common factor of 7185 and 79845?
15
What is the highest common divisor of 1449622 and 9270?
206
Calculate the highest common factor of 1979140 and 82620.
340
Calculate the greatest common factor of 147504065 and 63895.
4915
What is the greatest common factor of 6 and 1369658?
2
Calculate the greatest common factor of 1242837 and 1146.
573
Calculate the greatest common divisor of 4240832 and 3216.
1072
Calculate the greatest common divisor of 22 and 862417.
1
What is the greatest common factor of 3633 and 31688583?
519
What is the greatest common divisor of 425 and 224317250?
25
What is the greatest common divisor of 16915 and 996990?
995
Calculate the greatest common divisor of 1120 and 3219440.
560
Calculate the highest common factor of 4580 and 49820.
20
What is the greatest common factor of 963664 and 13858?
1066
What is the greatest common divisor of 1442 and 10344290?
206
What is the greatest common factor of 109609091 and 479?
479
What is the greatest common factor of 1038385361 and 2158?
1079
What is the highest common divisor of 191383 and 299?
23
Calculate the greatest common divisor of 60676 and 124124.
308
Calculate the greatest common factor of 2364 and 115781037.
591
What is the highest common factor of 1884632 and 1136?
8
What is the greatest common factor of 27 and 210291?
3
Calculate the greatest common divisor of 22 and 6607704.
2
What is the highest common factor of 1180 and 12406402?
118
What is the highest common divisor of 670976 and 1248?
32
What is the highest common divisor of 409494 and 258266?
982
Calculate the highest common factor of 529 and 134113.
23
What is 